 What are the prime factors of p?
2, 89, 109
Let h = -43523 + 123364. What are the prime factors of h?
79841
Let z(p) = 2*p + 27. Let w be z(6). Suppose 0 = w*q - 42*q + 1659. List the prime factors of q.
7, 79
Suppose -166*w + 1763864 = -1341166. What are the prime factors of w?
3, 5, 29, 43
Let p be 2/16*2 - 7/(-4). Suppose -5*q + q = 0. Suppose q = -2*a - h + 406, -p*a = -0*a - 4*h - 406. List the prime factors of a.
7, 29
Let v = -86 + 89. Let d be v/(-1) + 2/(-1) + 5. Suppose 4*s = c + 3*c - 620, d = 4*c + 4*s - 612. What are the prime factors of c?
2, 7, 11
Suppose 1355528 + 106132 = 68*r. List the prime factors of r.
3, 5, 1433
Let b = 28892 + -12097. List the prime factors of b.
5, 3359
Let z(v) = -25*v - 215. Suppose -9*s - 169 = 110. List the prime factors of z(s).
2, 5, 7
Let w = -43 - -643. Suppose n - 610 = -4*v, v + w = 5*v - 4*n. List the prime factors of v.
2, 19
Let n(v) = 22*v + 72 - 23 + 16*v. Let m be n(9). Let d = -209 + m. List the prime factors of d.
2, 7, 13
Let b be (-9195)/20*12/(-9). Let d = b + 65. What are the prime factors of d?
2, 3, 113
Suppose -5*d + 25 = -w, 3*d - w = 8 + 9. Suppose -132 = -d*s - 2*s. List the prime factors of 4/s - 17192/(-308).
2, 7
Let s(d) = -6*d + 26. Let g be s(3). Suppose 5*y - 1270 = g*m - 5*m, 0 = -m. What are the prime factors of y?
2, 127
Let c = 437 - 218. Suppose r + 14 = 5*h, -r + 3*h = 26 - 8. Let j = c + r. List the prime factors of j.
3, 5, 13
Let q = -41 - -32. Let x(u) = 2*u**2 + 10*u - 11. What are the prime factors of x(q)?
61
Suppose -2*v = 2*d - 14, -33*d = -28*d - 3*v - 43. Suppose 4*j = 5*s - 725, -5*s = j - s + 176. What are the prime factors of 2455/9 + d/j*-5?
3, 7, 13
Suppose -247*y = -2*v - 242*y + 20318, 5*v + 2*y - 50795 = 0. What are the prime factors of v?
10159
Let o = -1705 + 2805. Let u = o - -92. What are the prime factors of u?
2, 149
Suppose -3*w = -5*w + 492. Let q = -168 + w. What are the prime factors of q?
2, 3, 13
Suppose 2*q + 350 = -5*v, 4*q = -v + 3*v - 700. What are the prime factors of 1297/3 - (q/(-21) - 8)?
2, 3
Let z(h) = -h**2 - 3*h + 33. Let o be z(4). Suppose -6*b + 673 = -3*b - 2*m, o*b = -5*m + 1155. List the prime factors of b.
227
Suppose 3*w - 18144 = -5*h + 10322, -10 = -5*w. List the prime factors of h.
2, 1423
Let s(q) be the first derivative of 11*q**2/2 + 4*q + 2. Suppose -4*o = -13*o + 62 - 26. What are the prime factors of s(o)?
2, 3
Let g = -82 - -87. Suppose 347 = g*j - 413. List the prime factors of j.
2, 19
Let n(o) = 7. Let r(a) = -a - 1. Let j(b) = -n(b) + 3*r(b). Let v be j(10). What are the prime factors of v/(-30) - 574/(-6)?
97
Suppose -6*h - 122224 = -19*h - 3*h. What are the prime factors of h?
7639
Let b(f) = 2*f - 13. Suppose -5*g + 7 = 4*l, -2*l - 3*g = 2*g - 1. Suppose r - 32 = -l*r. What are the prime factors of b(r)?
3
Let n(v) = v**2 - 7*v + 7. Suppose -y + 3*j + 17 = 0, 8 = 4*y - j - 16. Let q be n(y). What are the prime factors of (-1545)/5*q/9?
103
Let s(z) = 6*z + 125. Suppose 4*o + 12 = -4*y, 23 = -5*o + 15*y - 12*y. What are the prime factors of s(o)?
101
Let i(w) = 38*w - 7. Suppose 2*g + 177 = 55. Let x = 64 + g. What are the prime factors of i(x)?
107
Let a(r) = 85*r**2 - 8*r + 403. List the prime factors of a(12).
12547
Let r = 511 + -124. Let a = 38 - 82. What are the prime factors of (r/(-132) + (-8)/(-44))*a?
11
Let p(s) = 200*s + 6948. What are the prime factors of p(0)?
2, 3, 193
Suppose 2*c - 11274 = -3*w, -c + 555 = 5*w - 5089. What are the prime factors of c?
2, 3, 313
Let i(g) = 2*g - 7. Let t be i(2). Let f = t - -124. List the prime factors of f.
11
Suppose 8*u = 3*u + 80. Let l = u + 234. Suppose -l = -3*t - 22. What are the prime factors of t?
2, 19
Let h(t) be the first derivative of 19*t**2 - 13*t - 77. List the prime factors of h(28).
1051
What are the prime factors of 1178*(4 + 0)*7/(-336)*-54?
3, 19, 31
Let j = -462 - -462. Suppose 5*k + 2*s - 1884 = j, 4*k = -3*s + 2*s + 1506. List the prime factors of k.
2, 47
Let r = 461 + -815. What are the prime factors of 4/(-8) + (r/(-4))/3?
29
Let z = -1836 - -4013. What are the prime factors of z?
7, 311
Let c = -110 - -250. Let j be 608/(-12) - 2/6. Let h = j + c. List the prime factors of h.
89
Suppose 59 = 11*m + 4. Suppose g + 5*a - 435 = 0, -g + 429 = 4*a - m*a. What are the prime factors of g?
2, 5, 43
Suppose 172*a - 548004 - 116152 - 158692 = 0. List the prime factors of a.
2, 13, 23
Let o be (-1)/(-2*4/16). Let t(i) = -8*i**2 + 144*i**3 + 10*i**o - 3*i**2 - 13*i**3. List the prime factors of t(1).
2, 5, 13
Suppose -2*p - 9*j = -11*j + 140, -p = 2*j + 58. Let a = -31 + 66. Let l = a - p. List the prime factors of l.
101
Suppose 3*x - 1761 = -4*u, 4*x - 11*u - 2349 = -16*u. Suppose -4*w = -2*w - 3*r - 10, -5*w + r = -25. Suppose -w*l = -119 - x. What are the prime factors of l?
2, 71
Let l be 0 - (24 - -3) - (1 + -3). Let r = l - -42. Suppose r*o - 23*o + 1620 = 0. List the prime factors of o.
2, 3, 5
Let f = -9364 - -16651. What are the prime factors of f?
3, 7, 347
Suppose -2*g + 12126 = -5*k, -3*k = -5*g - k + 30357. List the prime factors of g.
6073
Suppose 108*r = -80*r + 2409596. List the prime factors of r.
7, 1831
What are the prime factors of (-1288)/(-460) - (-2)/10 - -563?
2, 283
Suppose 8*t = 3*t + 1150. Suppose 0 = -4*b + t - 70. Suppose l - 4*f + b = 6*l, 0 = -5*l - 2*f + 50. What are the prime factors of l?
2, 3
Let d = -558 + 1618. Let f be d/(-30) + 2/(-3). List the prime factors of 11*f*(-7)/14.
2, 3, 11
Let b(t) = 182 - 39 + 17*t**2 + 15*t - 48. List the prime factors of b(-5).
5, 89
Suppose 80*r - 240110 = 15*r. What are the prime factors of r?
2, 1847
Let f(x) = 2 - 5*x + 13 - 4 + 27. Let b be f(7). Suppose -b*d - 6*d = -900. What are the prime factors of d?
2, 5
Let g(b) = -4247*b + 177. What are the prime factors of g(-1)?
2, 7, 79
Let k(b) = -3*b**3 + 3*b**2 + b + 509. Let l(o) = o**3 - 2*o**2 + o - 1. Let r(p) = k(p) + 2*l(p). What are the prime factors of r(0)?
3, 13
Let g = 713 - 500. Let r = 123 - g. Let a = r + 174. What are the prime factors of a?
2, 3, 7
Let l be 0/(-2)*1 - -137. Let m(k) = -2*k**2 - 2*k - 5. Let g be m(4). Let v = l + g. List the prime factors of v.
2, 23
What are the prime factors of ((-68)/4)/((-34)/153 - 1243/(-5607))?
3, 7, 17, 89
Let m = 28817 - -1599. List the prime factors of m.
2, 1901
Let g = -57 + 66. Let u be 1 + (-4 - 3/g*-3). What are the prime factors of (1 + -64)*((-1)/3 + u)?
3, 7
What are the prime factors of 4/(72/258318) - (0 - -5)?
2, 3, 797
Let l(c) = -2*c**3 + 32*c**2 - 45*c + 21. Let m(n) = n**3 - 16*n**2 + 22*n - 11. Let w(y) = -6*l(y) - 13*m(y). List the prime factors of w(12).
401
Let z(u) = -82*u + 30. Let m be z(-10). Suppose -m = -5*w - 3*r + 1238, -3*w + 1255 = 4*r. List the prime factors of w.
3, 139
Suppose 0 = 9*z - 2859 + 60. Let v = 182 + z. List the prime factors of v.
17, 29
Let h(n) = 175*n**3 - 2*n**2 + 57*n - 158. What are the prime factors of h(5)?
2, 7
Let x(y) = 33*y + 704. What are the prime factors of x(40)?
2, 11, 23
Suppose 4*a = -4*s + 16, -s + 2*s = 2*a - 20. Let w(r) = -r**3 + 9*r**2 - 4*r + 12. Let j be w(a). What are the prime factors of (39/(-6) + -1)*j/(-6)?
5, 11
Let t = -26516 + 45971. List the prime factors of t.
3, 5, 1297
Let w(h) = -3*h**3 - 5*h**2 - 12*h. Let i(c) = -2*c**2 + 16*c + 13. Let g be i(9). What are the prime factors of w(g)?
2, 5, 31
Suppose -y - 22 = -k - 4*k, -2*y - 19 = -5*k. Suppose 11*l = k*l + 48. List the prime factors of (l/32 + 3/(-4))*-346.
173
Let w(n) = n**3 - 3*n**2 + n - 109. Let i(j) = j**2 - 10*j. Let m be i(10). Let d be w(m). What are the prime factors of 5 + -1 + (-6 - -3) - d?
2, 5, 11
Let h(q) = -413*q + 1. Let i be h(-1). Let p = i - 193. Let m = p + 12. What are the prime factors of m?
233
Let y(g) = g**3 + 13*g**2 + 7*g + 11. Let z(k) = -k - 3. Let h be z(5). Let a be -2 + 4/h*-1*-20. What are the prime factors of y(a)?
71
Suppose -i + 46 = 5*f, 0*i - 124 = -2*i - 2*f. Suppose 0 = -z - g - i + 508, -2234 = -5*z + g. Suppose 4*r - 6*r + z = 0. What are the prime factors of r?
223
Suppose 0 = -3*w + 3*y + 10806, 3593 = w - 204*y + 212*y. List the prime factors of w.
13, 277
Suppose 0 = 2*o + 2*o + 36*o - 84280. List the prime factors of o.
7, 43
Let c be (3 - 464/4)/((-2)/4). Suppose 4